 is 42 + -10?
32
In base 15, what is -13 - 3c?
-50
In base 13, what is 2a + -7?
23
In base 4, what is -102310 + 3?
-102301
In base 8, what is -52 + -42?
-114
In base 7, what is -21104 + -2?
-21106
In base 12, what is 0 + -1083?
-1083
In base 13, what is 2c1 + 5?
2c6
In base 5, what is 3414 + -4?
3410
In base 3, what is -1 + 210?
202
In base 3, what is -1022 - 1100?
-2122
In base 7, what is 141 - -26?
200
In base 4, what is -1 + -1030020?
-1030021
In base 2, what is -1001101 + -11?
-1010000
In base 11, what is 0 + -579?
-579
In base 11, what is 15a + -6a?
a0
In base 12, what is -2b5 - -3?
-2b2
In base 4, what is 1010 - 2?
1002
In base 9, what is 2 + 146?
148
In base 6, what is -4 - -5?
1
In base 15, what is 19a + -1?
199
In base 6, what is -2 - -30?
24
In base 9, what is -172 - 5?
-177
In base 13, what is -5 + 36c?
367
In base 8, what is -33 - -4?
-27
In base 2, what is 11 + -100000100111?
-100000100100
In base 7, what is 1 - -43?
44
In base 2, what is -1011011001 + -1?
-1011011010
In base 14, what is -1028 + -5?
-102d
In base 2, what is 1 - 101001010?
-101001001
In base 9, what is -8 + -31?
-40
In base 10, what is 233 - 4?
229
In base 8, what is 47 + 4?
53
In base 2, what is -1 - -1001110111?
1001110110
In base 14, what is -3 + -17?
-1a
In base 5, what is -10 - 1230?
-1240
In base 11, what is 19a9 + 4?
1a02
In base 3, what is 12 - 1220022?
-1220010
In base 12, what is 4 + -180?
-178
In base 15, what is 5 + -b8?
-b3
In base 2, what is 100 - -100000110100?
100000111000
In base 3, what is -221212 + -20?
-222002
In base 10, what is 10 + -189?
-179
In base 16, what is -1f + -d?
-2c
In base 12, what is 40 + -74?
-34
In base 11, what is 41 + -9a?
-59
In base 16, what is -4a - 0?
-4a
In base 16, what is 7 - 1?
6
In base 3, what is 1110 - 1120?
-10
In base 11, what is 21 - -13?
34
In base 3, what is -112002 + 12?
-111220
In base 3, what is 20002 + -1?
20001
In base 14, what is 216 - -3?
219
In base 5, what is 10 + 4?
14
In base 2, what is 10 + 110001?
110011
In base 8, what is -2 - 40?
-42
In base 7, what is 4 - 26?
-22
In base 2, what is -111011100001 + 100?
-111011011101
In base 14, what is 73 + -1?
72
In base 7, what is 10442 - 2?
10440
In base 2, what is -101011111 + -1001?
-101101000
In base 15, what is -24e + -2?
-251
In base 2, what is -11110100 + -1010?
-11111110
In base 10, what is 0 + 1428?
1428
In base 8, what is 437 - 3?
434
In base 7, what is -1 - -5?
4
In base 11, what is 2 - -27?
29
In base 16, what is -4fe - -1?
-4fd
In base 16, what is -f9 + -3?
-fc
In base 16, what is -4 - -c?
8
In base 12, what is 3 - 31?
-2a
In base 7, what is 3510 - 1?
3506
In base 13, what is -2777 - 4?
-277b
In base 13, what is 2 - -212?
214
In base 6, what is -3 + 111?
104
In base 9, what is -183 + 160?
-23
In base 2, what is 101101110 + -10?
101101100
In base 4, what is 11020 + 102?
11122
In base 8, what is -4 - -67?
63
In base 16, what is -bd - 1?
-be
In base 10, what is 25 - -23?
48
In base 15, what is 3 + -b9?
-b6
In base 14, what is -16 - -1?
-15
In base 8, what is -2 - 1632?
-1634
In base 6, what is -32244 - 4?
-32252
In base 16, what is -1a + 9?
-11
In base 9, what is 32 - -1460?
1502
In base 9, what is 253 - 27?
225
In base 13, what is 29b - 3?
298
In base 5, what is 232 - -2?
234
In base 7, what is 32020 - -2?
32022
In base 3, what is 2210202 - 2?
2210200
In base 10, what is 3 - -2667?
2670
In base 7, what is 22 + -6?
13
In base 5, what is -211 - 244?
-1010
In base 14, what is -7 - 63?
-6a
In base 6, what is -22 - 4?
-30
In base 15, what is 6 - 8?
-2
In base 4, what is -301030 + -3?
-301033
In base 9, what is -14 - 3?
-17
In base 7, what is 2640 - -4?
2644
In base 15, what is -e - 0?
-e
In base 9, what is -5 - -2358?
2353
In base 15, what is -79 - 36?
-b0
In base 13, what is -3 + 9c?
99
In base 10, what is 262 - 2?
260
In base 11, what is 4984 + -6?
4979
In base 8, what is -10 - -312?
302
In base 4, what is -32 - 2220?
-2312
In base 15, what is 16 - 3c?
-26
In base 3, what is -2 + 10120222?
10120220
In base 13, what is -a - -16?
9
In base 7, what is 43 - -15?
61
In base 8, what is 1 + 52?
53
In base 4, what is 130113 + 11?
130130
In base 16, what is -ac - -1?
-ab
In base 3, what is -210 + -102102?
-110012
In base 16, what is 1 - 60?
-5f
In base 6, what is -1434 - 133?
-2011
In base 13, what is 5 + 559?
561
In base 8, what is 25 + -105?
-60
In base 4, what is -11 + -2011?
-2022
In base 16, what is -3 - 495?
-498
In base 2, what is 10110110 + -101?
10110001
In base 15, what is 13ea + -2?
13e8
In base 4, what is -2 + -1122?
-1130
In base 8, what is 0 - 12?
-12
In base 2, what is 101001 - 11101010?
-11000001
In base 7, what is 103 + -454?
-351
In base 16, what is -9 - 331?
-33a
In base 16, what is 11 + -352?
-341
In base 8, what is 6 - -110?
116
In base 6, what is 2 + -20410?
-20404
In base 16, what is 5 - -98?
9d
In base 11, what is 2 - 1136?
-1134
In base 6, what is 15 - 151?
-132
In base 7, what is 1 - -301?
302
In base 7, what is 1503 + -5?
1465
In base 8, what is -26 - -55?
27
In base 3, what is 121 + -1001?
-110
In base 2, what is -101 - 101011111?
-101100100
In base 9, what is -106 + -27?
-134
In base 2, what is -1110000 - 101?
-1110101
In base 15, what is -2 + -be?
-c1
In base 16, what is -e7 - -5?
-e2
In base 12, what is 153 - 5?
14a
In base 13, what is 1 + 0?
1
In base 3, what is -12 - 10112101?
-10112120
In base 15, what is -4 + -174c?
-1751
In base 7, what is 4 + -1236?
-1232
In base 6, what is 33 + 3?
40
In base 11, what is 267 + 39?
2a5
In base 14, what is -5 - -8d?
88
In base 9, what is 5 - -235?
241
In base 6, what is -4 + -214?
-222
In base 8, what is 7155 - -4?
7161
In base 15, what is -23 + 8?
-1a
In base 13, what is 173 - 6?
16a
In base 9, what is -3871 - -8?
-3862
In base 10, what is -412 - 3?
-415
In base 13, what is -1 + 128?
127
In base 15, what is 2d - -1?
2e
In base 11, what is 7 - 37?
-30
In base 4, what is -11 - 1033?
-1110
In base 12, what is 3 - 3ab?
-3a8
In base 12, what is 95 + a?
a3
In base 2, what is -11 - -11001?
10110
In base 11, what is 5919 + 2?
5920
In base 11, what is 1 - 1894?
-1893
In base 2, what is 1100111011 - 100?
1100110111
In base 11, what is 3673 + -4?
366a
In base 4, what is 1 - -13223?
13230
In base 8, what is 5 - 42?
-35
In base 2, what is 1010010 + -11001100?
-1111010
In base 14, what is -153 - 1?
-154
In base 9, what is 21 + -1?
20
In base 7, what is 3 - -520?
523
In base 13, what is -35 + -2?
-37
In base 13, what is -38b - 8?
-396
In base 10, what is 1654 + -14?
1640
In base 9, what is 3 - 61?
-57
In base 2, what is -10101100 - -100?
-10101000
In base 16, what is -1e + 1d?
-1
In base 15, what is -c + -1a?
-27
In base 13, what is -1 + -385c?
-3860
In base 6, what is 3 + -10?
-3
In base 14, what is -161 - 0?
-161
In base 8, what is -23 - 361?
-404
In base 10, what is 65 - 4?
61
In base 14, what is 10aa + 0?
10aa
In base 2, what is -111010011100 + 101?
-111010010111
In base 7, what is 13 + 116?
132
In base 14, what is -36 - d?
-45
In base 14, what is 20 + -41?
-21
In base 9, what is -128 - -3?
-125
In base 10, what is 1 - 76?
-75
In base 10, what is 1393 + -4?
1389
In base 10, what is 22 + 14?
36
In base 9, what is 5 - 127?
-122
In base 12, what is 4 + 610?
614
In base 12, what is 6a + -1b8?
-14a
In base 16, what is -3e + -f6?
-134
In base 9, what is -761 - 5?
-766
In base 9, what is 1 + 625?
626
In base 4, what is -3 - 1023?
-1032
In base 8, what is 70 - 150?
-60
In base 3, what is -2 + 11?
2
In base 11, what is -2 - 423?
-425
In base 2, what is -100 + -100000101?
-100001001
In base 6, what is -222 - 23?
-245
In base 2, what is 101110100 + -10?
101110010
In base 11, what is 9 - -38?
46
In base 9, what is 1 - 772?
-771
In base 4, what is -13 + 3?
-10
In base 4, what is 0 - -130233?
130233
In base 12, what is 1 - -57?
58
In base 15, what is -5 + -107?
-10c
In base 14, what is -3 - 39?
-3c
In base 10, what is -519 + 7?
-512
In base 13, what is 3 + 15?
18
In base 11, what is -153 + -3?
-156
In base 11, what is 178 + -5?
173
In base 4, what is -11 + -2123?
-2200
In base 13, what is -4 - 5b?
-62
In base 6, what is 1 + 10333?
10334
In base 6, what is -4 + -42?
-50
In base 7, what is -62564 + 3?
-62561
In base 15, what is 13a0 - 4?
139b
In base 11, what is -465 + -3?
-468
In base 3, what is 21 - -1?
22
In ba